 (-13 - -15) + 10?
-3
-8 + -2 + -1 + (96 - 60)
25
(7 - 2 - 10 - -2) + (11 - 21)
-13
What is the value of -98 - (53 - 155) - (0 + -14)?
18
What is -6 + 11 + -9 + 4?
0
(-11 - (10 - 21)) + (1 - (1 + -8))
8
What is the value of -4 - -7 - -17 - (70 + -59)?
9
Evaluate (-6 - -15) + 15 + -24 + 5 + 2.
7
What is -1 + 0 - (3 - (9 - -6) - -16)?
-5
What is the value of -44 - (267 + -284 - (-5 + -2))?
-34
What is the value of -10 - ((18 - 11) + -15)?
-2
Calculate -6 + -13 + 11 + (11 - -1).
4
Calculate (-9 - (-9 - -19 - 25)) + 29.
35
What is -7 + 9 + (8 - 5) + -1?
4
-15 - (-37 + (-20 - -35))
7
What is (858 - 810) + 0 + -18 + 2?
32
(-8 - (18 - -1)) + 17
-10
What is 0 - 0 - (-24 - -9 - 2) - 4?
13
What is -2 + -2 + (-3 - -9 - -3) - 4?
1
Calculate 0 - -11 - (2 + -2 + 2) - 7.
2
Evaluate (47 - 17 - 52) + 30.
8
Evaluate -5 + -4 + -8 + 14.
-3
Calculate -7 + 9 - (-3 - (9 - 7)).
7
Evaluate (1 - 3 - -3) + (-23 - (-78 - -64)).
-8
What is 19 - (21 - (2 - -6))?
6
Evaluate 39 + -6 + 10 + -6 + -13.
24
What is the value of 54 + -56 + -2 + 0 + -4 + 3?
-5
Calculate (-5 - (-8 + 4)) + 6 + (-2 - 14).
-11
Evaluate -5 + (-11 - -7) - (1 + -2).
-8
3 + 1 + (-4 - (-3 - (0 + -2)))
1
What is the value of (0 + 20 - -12) + -7?
25
0 - (9 + 4 + -3) - -32 - -1
23
What is the value of (-4 - (3 + -2)) + 3 - (-74 + 76)?
-4
What is the value of 3 + (-5 - 3 - (8 - 8)) + -1?
-6
What is the value of -1 + 17 + -9 - (4 - 8)?
11
(-28 + 4 - -3) + 7 + -4
-18
What is the value of 3 + 1 + (-5 - -3) + 5?
7
What is 2 + 45 + 12 + -34?
25
Evaluate 8 + (-27 - (12 + -32)) + (-1 - 12).
-12
What is -6 - 0 - (-107 + 125) - (-7 - -3)?
-20
What is the value of 8 + (-16 - (3 + -8)) - 21?
-24
Evaluate -12 - (-6 - 1) - 6.
-11
-1 + 6 + (-2 - 12) - (-1 + 1)
-9
Evaluate -10 + (-2 - (-10 + -4)) + 1 + -13.
-10
What is (-4 - 0) + 3 + (-6 - (-7 + 10))?
-10
What is the value of 2 + (-13 - -13) + 7?
9
Calculate (10 - 8) + -1 - (-14 + -2).
17
22 - (-42 + 68) - (6 - 1)
-9
What is the value of 10 - (-12 - -15) - (2 - -6)?
-1
Evaluate (9 + -1 - (-7 + (30 - 7))) + -30.
-38
-35 - (-33 + 37) - -17
-22
7 + 27 - 18 - 23
-7
What is 1 + (19 - -11) + (-8 - -1)?
24
What is 22 - (-14 - -4 - 0) - 13?
19
10 - (14 - -17 - 9)
-12
What is -13 - -28 - (2 + 4 + -7 + 3)?
13
Calculate 14 + -25 + 16 - (16 + 1).
-12
Evaluate 17 - 0 - (55 - 41).
3
What is (194 - 211) + (1 - 3) + -5?
-24
What is the value of (217 - 185) + (-18 - 0)?
14
Evaluate (-2 + 2 - 6) + (-11 - -8 - 0).
-9
Calculate 25 + -18 + 10 + -40.
-23
What is the value of -4 - (2 - 2 - -3) - (-22 - -19)?
-4
Calculate (27 - (28 - -3)) + -7 + 0 + 1.
-10
What is the value of -253 + 247 - (0 + -2 + -4 + -2)?
2
Evaluate 4 + (0 - 6) + -5 + (-3 - -2).
-8
(-5 - -38) + -4 + -4 + 7 + -9
23
Evaluate 9 + 7 + 6 + -34 - 11.
-23
(10 - (-6 - -16) - 7) + 19
12
Calculate 1272 - 1248 - (-1 + 49).
-24
What is the value of -16 + 3 + (26 - 18)?
-5
Evaluate 2 - -3 - 11 - (-37 + 4).
27
Evaluate (-13 - -16) + 5 - 7.
1
Calculate 10 - (-4 - (-15 - -8)).
7
Evaluate -1 + -8 + (-996 + 1006 - (20 + 0)).
-19
What is -10 - (3 + -6 + -1) - (10 - 26)?
10
Evaluate (6 - (-3 + 3 - -2 - -5)) + -10.
-11
Evaluate -142 + 97 + (-9 - -38).
-16
Evaluate (12 - 15) + 2 + -2 + -4 - 21.
-28
What is the value of 2097 + -2064 - (1 - -12)?
20
What is 157 - 167 - (1 - -1 - (9 - 12))?
-15
Evaluate -14 - -18 - 31 - -14.
-13
What is 4 - (18 - 20) - (40 - (7 - 2))?
-29
Calculate 7 + -1 + (-12 - -29 - 21) - 24.
-22
Evaluate -7 + -11 - (0 - -5) - 1.
-24
What is the value of -94 + 84 - (-20 - 5)?
15
Calculate -22 + 23 + (2 - -3) + 1 - -7.
14
Evaluate -3 + 12 + (-16 - 2) + 5.
-4
(4 - (-21 - (2 + 0))) + (-16 - -21)
32
What is the value of -66 + 70 - (-1 - 1)?
6
(2 - (0 + -2 - (28 + -26))) + 6
12
-12 + -8 + 27 + -2
5
-11 - 9 - -23 - (-9 + 2 + -3)
13
-17 + 6 + 4 - -9 - -1 - 8
-5
Evaluate -25 - (-34 - -10) - (3 - -1).
-5
Evaluate (-11 - -17 - 2) + (13 - 5).
12
-12 - (3 + 1 + -4) - (-63 - -71)
-20
Calculate 22 + -20 + 2 + 6.
10
12 + -1 + 0 - ((12 - 30) + 1)
28
Calculate -15 + (3 - (-6 + 5) - 6).
-17
Calculate -1 - (-20 - -40 - 34).
13
What is 1 + 11 + 1 + 3538 + -3537?
14
What is -3 - (-6 - (1 - 6)) - (-3 - -10)?
-9
What is the value of 0 + 1 - 3 - 0?
-2
What is 24 - (39 + 0 + -22)?
7
Calculate -27 - (-12 + -37 + 12).
10
What is the value of 3 - (12 + -12 - 3)?
6
What is the value of (17 - 12 - -19) + -14 + 0 + -5?
5
What is 8 + (2 - (9 - (23 + -10)))?
14
Evaluate -4 - (15 + -1) - -24.
6
What is the value of -58 + 74 + -15 + -2?
-1
What is 7 - (3 - 4 - (3 + -12 + -2))?
-3
What is 8 + 5 + -28 + 15?
0
(-103 - -92) + 15 + 1
5
Calculate 14 - (10 + -29 + 11).
22
Evaluate (0 - 0) + (1 - (-14 + 16 + -9)).
8
Evaluate (1 - 19 - (609 + -643)) + 10.
26
What is the value of 5 - (-11 + (21 - 2)) - 7?
-10
What is (-2 - 3) + (1 - -9) + 250 + -263?
-8
What is -7 + -7 + 11 + -4 - -3?
-4
What is the value of -1 - 1 - (7 + -7) - (7 - 17)?
8
Calculate 3 + 3 - (52 + -48).
2
What is -4 + (-9 - -16) - -7?
10
(-428 - -427) + (1 - 14) + (1 - 0)
-13
Evaluate -6 + (-9 - (-13 + 11)).
-13
(-2 - -1) + (11 + -26 - (8 - 6))
-18
Evaluate -2 + -6 - (22 - (-17 + 34)).
-13
What is the value of 5 - (9 + (5 - 10) - 7 - -5)?
3
Evaluate 14 + -16 + 9 + -3 + 5.
9
What is (6 - (4 + 0)) + 4 - 4 - -9?
11
What is -27 - (6 + 18 + -50)?
-1
What is -4 + 5 + -3 - (-7 + 8)?
-3
Evaluate 2 + -11 - ((0 - 0) + 5).
-14
1 + -7 + (-5 - (-8 + (2 - 2)))
-3
Evaluate -10 + (27 - 3) - 14.
0
Evaluate 1 - 28 - (-3 + (-26 - (8 + -27))).
-17
Calculate (-12 - -33) + -38 - -19.
2
-6 + 12 - (-12 + 4 - -16)
-2
Evaluate 21 + (11 + -19 - 8).
5
47 - 45 - (-1 - 3)
6
-21 - (-1 + -1 + -9 + 13)
-23
What is 2 + 3 + -13 - ((5 - 0) + -30)?
17
Calculate (-1 - -1) + 9 + -18 + 8.
-1
Calculate 37 + -44 - (5 + 1).
-13
1 + -5 + 11 - (-61 + 38)
30
What is the value of -7 + 0 - (-22 + -16 + 30)?
1
Evaluate -4 + 8 + 0 + (29 - 52) + 3.
-16
What is the value of -10 - (-3 + -16) - 13?
-4
What is 1 + -6 - (70 + -57 - (-3 + 11))?
-10
1 + 11 - (0 + (2 - -2)) - 1
7
-33 - (12 - 17 - 21)
-7
(651 - 650) + 14 + 0 + 0
15
Calculate 10 + -1 + -18 + 3 + 14 + -31.
-23
Evaluate 3 - (1 - 6) - (1 + 57 + -68).
18
Calculate 17 + ((1 - -1) + -8 - 2) - 10.
-1
What is the value of (-3 - 3) + (4 - (7 - (8 - 6)))?
-7
What is the value of 8 + -1 - (2 + 11 - (-32 - -11))?
-27
What is the value of -2 + 10 - -1 - (5 - 16)?
20
Evaluate (20 - 4) + 7 + -1.
22
(-27 - -18) + -4 + 4
-9
What is -2 + -6 + 13 + (-13 - (-10 + 3))?
-1
Calculate 4 + -10 + (1 - -7) - 7.
-5
What is the value of 3 - (-8 - -16) - (12 - 0)?
-17
4 + -15 + 47 + -16
20
What is the value of 2 + -12 + (0 - -7) + -1?
-4
Evaluate (3 - -5) + 21 + -15.
14
9 + 1 + 23 + -46
-13
What is -24 + (-3 - 13) + (5 - -10)?
-25
5 - -8 - (-89 + 104)
-2
38 - (1 + 11 + -12 - (0 - 12))
26
What is -11 - ((0 - -10) + (19 - 20) + 3)?
-23
What is the value of 1 - -3 - (52 + -41 - (1 + 6))?
0
What is (24 - (8 + -7) - (2 + 3)) + -4?
14
-16 + -3 + -19 + 18
-20
What is -1 - (-66 + 77 + 0 + 7)?
-19
Calculate 4 + -8 + 12 + (-12 - -8).
4
-2 + 38 + -1 - (997 - 992)
30
Evaluate -7 + (3 - (-1 - -10)) + 7 + 2.
-4
What is the value of (6 - 4) + 0 - (-16 - -20)?
-2
What is the value of -21 + -10 + 33 - -21?
23
What is 17 + 0 + 268 + -282?
3
28 + (-5 - 12) - -7
18
What is (-16 + 33 - 6) + 2 - 42?
-29
Calculate 16 - 46 - -61 - 31.
0
What is the value of (1 - (5 + -3)) + 5 - 13?
-9
Evaluate -26 + (13 - 12 - -9).
-16
What is -434 + 421 + 38 + 2?
27
What is the value of (-27 - (-14 + 0) - 1) + -13?
-27
Calculate 1 + -13 + -4 + (-3 - 3).
-22
Evaluate -1 - (-10 + -6 + (-3 - -9)).
9
35 + (15 - 52) + -4
-6
Evaluate (-9 + 8 - 7) + 9.
1
What is -7 + 2 - (-1 + 3 + -8)?
1
What is (-2 - -2 - -5) + -7 + -7 + 1?
-8
What is 3 + (-33 - 0) - (0 + -16 + 6)?
-20
What is -8 - (-20 + -52) - 29?
35
Calculate (37 - 29) + (-5 - -1) + -3 + 7.
8
What is the value of 3 + (21 - 23) + -10?
-9
What is the value of (15 - (11 - (3 - 1))) + 2?
8
Evaluate 2 - -15 - (-14 + (8 - 8) + 9).
22
What is -10 + -13 + 8 + 11?
-4
Evaluate 8 + -16 + 1 + 15 - -6.
14
What is the value of -104 - -102 - ((2 - 2) + -3) - 20?
-19
Evaluate 7 - ((5 - -6) + -3) - (-2 + 0).
1
(-8 - (-8 - -16)) + 25
9
Calculate 0 + -2 + -1 + (0 - (5 + 0)).
-8
Evaluate (31 - (9 - -8)) + -24.
-10
-5 - (22 + (-26 - 11))
10
Evaluate 20 - 43 - (0 - 9 - (26 + -30)).
-18
Evaluate -37 - (-38 + (-3 - -2)).
2
8 - (1 + -7 - (-8 + 7